1 and j?
27
Let p(u) = u**3 + u**2 - u. Suppose 7*m = 3*m. Let y be p(m). Suppose 0 = 4*k + n + n - 52, -3*k - n + 40 = y. What is the greatest common factor of k and 98?
14
Let n(x) = -x**2 - 11*x - 13. Let a be n(-10). Let k be (-30)/a*(0 - -2). Let c be -1*(-1 - 1)*2. Calculate the greatest common divisor of c and k.
4
Let k(f) = 4*f - 2. Let l = -10 + 15. Let z be k(l). Calculate the greatest common divisor of 27 and z.
9
Let a(k) = k**3 + 6*k**2 - 8*k + 10. Let t be a(-7). What is the greatest common factor of t and 17?
17
Let v = -138 + 314. What is the greatest common factor of 22 and v?
22
Let b be -2 + (-3 - -5 - -180). Calculate the greatest common divisor of 20 and b.
20
Suppose -154*f + 216 = -150*f. Calculate the greatest common factor of f and 18.
18
Suppose 2*o + 0*o - 5*q = -15, 4*o - 2*q + 22 = 0. Let x(p) = -5*p - 5. Let z be x(o). Calculate the highest common divisor of z and 30.
10
Let p(s) = 42*s + 9. Let a be p(2). What is the highest common factor of 62 and a?
31
Suppose -7*q + 159 = 54. Calculate the highest common factor of 15 and q.
15
Let o be (-2)/10 - 63/(-15). Suppose -7 = -o*k - 47. Let a be (-416)/k + 4/10. Calculate the highest common divisor of 14 and a.
14
Suppose -5*i + 372 - 147 = 0. Calculate the greatest common divisor of i and 30.
15
Let o(z) = -z + 10. Let v be o(8). Let w be -2*(0 + v/(-4)). Calculate the highest common divisor of w and 5.
1
Suppose -5*u + 29*u = 288. Calculate the greatest common factor of u and 90.
6
Suppose -r = 2*r - 60. What is the greatest common factor of 80 and r?
20
Let w be (-1)/(2 + -1) - -4. Suppose c + w = -0*z + z, -10 = -2*z - 2*c. Suppose 2*h + 56 = z*h. Calculate the highest common divisor of 4 and h.
4
Let q = -24 + 29. Calculate the highest common factor of q and 10.
5
Let n = 13 - 7. What is the highest common divisor of n and 48?
6
Let g be 25 + 88/(-20) + 2/5. What is the greatest common divisor of g and 42?
21
Let r be (-434)/(-28) + 2/(-4). Let c = r - -7. Calculate the greatest common factor of c and 55.
11
Let y(g) = -2*g + 5*g**2 + g**3 + 3 + g - 5*g. Let w be y(-6). What is the greatest common factor of 3 and w?
3
Let v = -27 + 69. Suppose f - 3*m - v = -2*f, 4*m = -12. Calculate the greatest common factor of f and 99.
11
Suppose z + 6 = u - z, z = -2. Let y be u*(-2 - (-14)/4). Suppose -y*b + 15 = -0. What is the highest common factor of 35 and b?
5
Suppose 0 = 2*w - w - 2. Calculate the highest common factor of 1 and w.
1
Let k be -5*7/(-10) - 6/(-4). Suppose -4*w - 3*p = -6*p - 63, p = -1. Calculate the highest common factor of w and k.
5
Let o = 12 + -10. Suppose -49 = -o*l - 4*n - 7, n - 69 = -5*l. What is the greatest common divisor of l and 104?
13
Suppose 12 = -7*b + 3*b. Let o be (-30)/(-9)*(0 - b). Calculate the highest common divisor of o and 4.
2
Let h be 6 - (-6306)/21 - 4/14. What is the greatest common factor of 34 and h?
34
Let f(q) = -q**3 + q**2 + 3. Let k be f(0). Let x(m) be the second derivative of m**4/12 - m. Let v be x(-1). Calculate the greatest common factor of v and k.
1
Let t = 417 - 399. Let g(b) = -b - 3. Let n be g(-5). What is the highest common divisor of n and t?
2
Let k be 5/50 + 596/40. What is the highest common divisor of k and 45?
15
Let j(w) = -7 + 3*w**2 - 2*w**2 - 3 + 2*w**2 - 8*w. Let l be j(7). What is the highest common factor of 9 and l?
9
Suppose -6*n = -n - 440. Let p(j) = 6*j**2 - 2. Let u be p(2). Calculate the greatest common divisor of u and n.
22
Let c(f) = f**3 + 2*f**2 - 2*f + 7. Let a be c(0). Calculate the highest common divisor of 56 and a.
7
Let o be -2 - (-37 - 0 - 2). Let p be -2 + 0 + 0 + o. Suppose 0 = 3*l - 2*u + 4*u - 55, 2*l + u = p. What is the greatest common divisor of l and 15?
15
Let q = 67 + 32. Suppose -2*g + 29 - 7 = 0. Calculate the highest common factor of g and q.
11
Let g = 104 - 86. Calculate the highest common divisor of 81 and g.
9
Let p(m) = 2*m**2 + 2. Let l = -11 - -7. Let c be p(l). Let y = 267 - 182. What is the highest common divisor of c and y?
17
Let t(q) be the third derivative of q**5/30 - 5*q**4/24 - q**3/2 - 6*q**2. Let c be t(4). What is the greatest common divisor of c and 54?
9
Let j(k) = k**3 - 3*k**2 - 4*k - 6. Let w be j(5). What is the greatest common divisor of 36 and w?
12
Let r(d) = -d**2 - 12*d - 5. Let l be r(-9). Let i = -57 - -112. What is the highest common divisor of l and i?
11
Let j(x) = -5*x**2 + 13*x - 4. Let u(y) = 14*y**2 - 38*y + 12. Let o(c) = -11*j(c) - 4*u(c). Let n be o(4). What is the greatest common divisor of 128 and n?
16
Let p = 1 - -2. Suppose p*j = 114 - 42. Suppose -22 - 5 = -9*v. Calculate the highest common factor of v and j.
3
Let z be 34/3 + 2/(-6). Calculate the greatest common factor of z and 77.
11
Let y(p) = 2*p - 5. Let m be y(4). Let r = 0 + m. Suppose 4*f = -f + 5*k + 15, 0 = -r*f + 4*k + 6. What is the highest common factor of 24 and f?
6
Let j = -50 + 68. Calculate the greatest common factor of 9 and j.
9
Suppose -12*h + 722 - 98 = 0. Suppose -a = -5*s - 4*a + 79, -4*a + 12 = 0. Let i be -2 + s - (-2 + 1). What is the greatest common factor of i and h?
13
Suppose -3*p = 2*l + 5, -2*l - p + 5 = 2*l. Let a = 4 + l. What is the greatest common divisor of a and 24?
6
Suppose b + 2*x = 38, -3*x + 5 + 7 = 0. Suppose b = 4*m + 2*w, 4*w + 12 = m + 3*w. Calculate the greatest common divisor of 36 and m.
9
Let d(b) be the second derivative of -b**3/6 - 5*b**2/2 + 2*b. Let z be d(-6). What is the greatest common factor of 1 and z?
1
Let r(y) = y**3 - 6*y**2 - 1. Let o be r(7). Suppose -2*x + 2*d = -16, -10 = -7*d + 2*d. Let c = -4 + x. Calculate the highest common factor of c and o.
6
Suppose 45 = 5*q - 4*j, -q + 5*j + 28 + 2 = 0. Let a(u) = u**2 - 3*u - 6. Let i be a(q). Let p = i + 7. Calculate the greatest common factor of 99 and p.
11
Let u(v) = v**2 + 4. Let m(k) = -k. Let a(x) = -4*m(x) + u(x). Let c be a(-5). Let s be 182/4 - c/6. What is the greatest common factor of 11 and s?
11
Let i(s) = -s**3 - s + 1. Let w be i(2). Let k be (-3)/w*(5 + 1). Let v be 0 + k + (-4)/(-2). What is the highest common factor of v and 12?
4
Let n be (-28*1)/((-2)/11). What is the highest common factor of 22 and n?
22
Let f = 52 - 22. Let p = f - 12. What is the greatest common factor of 27 and p?
9
Suppose 6*j = 8*j - 100. Let p = -1 - 1. Let h be (4 - -1)/(-1 - p). What is the highest common factor of h and j?
5
Suppose 2*v - 36 = 2*b, -3*v - 5*b + 3*b = -34. What is the highest common factor of 7 and v?
7
Suppose 3*t = -b + 24, 8*t - 3*t = 5. Calculate the highest common factor of b and 7.
7
Suppose -3*z + 2*o = -40 + 12, -4*z + 4*o = -44. Calculate the highest common divisor of 30 and z.
6
Let v(d) = d + 4. Let o(x) = x + 2. Let j be o(-2). Let a be v(j). Suppose -7 + 55 = a*f. What is the greatest common factor of f and 24?
12
Let i(v) = 2*v**2 + 10*v - 22. Let l be i(6). What is the highest common divisor of l and 165?
55
Let f(t) = 2*t**2 + 10*t + 5. Let v be f(-7). Suppose b = -b + 22. What is the highest common factor of b and v?
11
Suppose -k - 10 = -4*h + h, -3*k - 10 = -5*h. Let a be h/5 - (0 + -19). Let x be (4/5)/(2/a). Calculate the greatest common divisor of x and 8.
8
Suppose 4*p - 48 = 2*p. Calculate the highest common factor of 24 and p.
24
Let g be (1/(-2))/((-12)/168). Let n be (-6)/(((-6)/56)/1). What is the greatest common divisor of g and n?
7
Suppose -10 = -2*d, -2*d - 10 = -4*i + 8*i. Let u be (i + 2)/(3/(-14)). What is the greatest common factor of 140 and u?
14
Let j = -42 + 11. Let z = -16 - j. Let w(o) = 17*o - 58. Let l be w(4). Calculate the highest common factor of z and l.
5
Suppose -q + 12 = 2*b, q - 5*q - 2 = -2*b. Suppose -b*c + 9 + 1 = 0. Calculate the highest common factor of c and 2.
2
Suppose -3*v + 24 = -5*v. Let x(b) = 2*b**2 + 15*b - 17. Let i be x(v). Calculate the highest common factor of 13 and i.
13
Suppose 672 = 13*d - 5*d. What is the greatest common divisor of d and 126?
42
Suppose -y = -5*n - 15, 30 = 2*y + 3*n + 2*n. Let i be (1 - 0) + (-14 - 1). Let s be ((-30)/(-4))/((-1)/i). Calculate the greatest common divisor of s and y.
15
Let z = 32 + -13. Let p = z + -7. Suppose -7*n + 48 = -3*n. What is the greatest common divisor of n and p?
12
Let a be (-27)/(-4)*88/33. Let q be ((-18)/8)/((-